{"id":36,"date":"2019-06-08T19:52:36","date_gmt":"2019-06-08T19:52:36","guid":{"rendered":"http:\/\/schule-am-moenchshof.de\/?page_id=36"},"modified":"2019-08-09T20:33:57","modified_gmt":"2019-08-09T20:33:57","slug":"vgs-die-verlaessliche-grundschule","status":"publish","type":"page","link":"https:\/\/schule-am-moenchshof.de\/?page_id=36","title":{"rendered":"VGS &#8211; die Verl\u00e4ssliche Grundschule"},"content":{"rendered":"\n<p>Seit Beginn des Schuljahres 2006\/07 sind die Bremer Grundschulen verbindliche \u201eVerl\u00e4ssliche Grundschulen\u201c (VGS) &#8211; das hei\u00dft Ihr Kind hat montags bis freitags eine Lernzeit von 8.10-13.05 Uhr. In dieser Zeit findet dem Stundenstrukturplan entsprechend Unterricht und Betreuung statt.  <\/p>\n\n\n\n<h3 class=\"wp-block-heading\">Zielsetzung<\/h3>\n\n\n\n<div class=\"wp-block-media-text alignwide\" style=\"background-color:#8ea6b0;grid-template-columns:25% auto\"><figure class=\"wp-block-media-text__media\"><img loading=\"lazy\" decoding=\"async\" width=\"1024\" height=\"768\" src=\"https:\/\/schule-am-moenchshof.de\/wp-content\/uploads\/2019\/07\/class-composition-desk-207756-1024x768.jpg\" alt=\"\" class=\"wp-image-159\" srcset=\"https:\/\/schule-am-moenchshof.de\/wp-content\/uploads\/2019\/07\/class-composition-desk-207756-1024x768.jpg 1024w, https:\/\/schule-am-moenchshof.de\/wp-content\/uploads\/2019\/07\/class-composition-desk-207756-300x225.jpg 300w, https:\/\/schule-am-moenchshof.de\/wp-content\/uploads\/2019\/07\/class-composition-desk-207756-768x576.jpg 768w\" sizes=\"auto, (max-width: 1024px) 100vw, 1024px\" \/><\/figure><div class=\"wp-block-media-text__content\">\n<p class=\"has-text-color has-very-light-gray-color\">Die Verl\u00e4ssliche Grundschule Am M\u00f6nchshof hat das Ziel, die Grundschule zu einem Lern- und Lebensraum auszugestalten, der den kindlichen Bed\u00fcrfnissen in besonderem Ma\u00dfe entspricht und den bildungspolitischen  Anforderungen an die Grundschule Rechnung tr\u00e4gt. In der Verl\u00e4sslichen Grundschule soll der Schulalltag so strukturiert werden, dass der  lehrgangs- und fachbezogene Unterricht mit offenen und f\u00e4cher\u00fcbergreifenden Anteilen sowie erweiterten p\u00e4dagogischen Angeboten verkn\u00fcpft werden kann. <\/p>\n<\/div><\/div>\n\n\n\n<h3 class=\"wp-block-heading\">Zeitrahmen <\/h3>\n\n\n\n<p>Der feste Zeitrahmen des Schulvormittages ist von 8.10 \u2013 13.05 Uhr. In dieser Zeit sollen \u00fcbendes Lernen, Spiel\u2013 und Bewegungszeiten, individuelles Arbeiten, gemeinsame Unterrichtsphasen und freie T\u00e4tigkeiten stattfinden. Eine Rhythmisierung des Schulvormittages soll den k\u00f6rperlichen, psychischen und sozialen Bed\u00fcrfnissen von Kindern entsprechen. <\/p>\n\n\n\n<p>Die Anwesenheit ist durchgehend verbindlich &#8211; und damit auch in den Zeiten der unterrichtserg\u00e4nzenden Ma\u00dfnahmen durch Kolleg:innen der VGS. So verbringen die Kinder ausnahmslos ihren Vormittag gemeinsam, was u.a. f\u00fcr das soziale Gef\u00fcge (miteinander-f\u00fcreinander) einer Klasse von enormem Vorteil ist. <\/p>\n\n\n\n<p>F\u00fcr die 1. und 2. Klassen werden 22 Unterrichtsstunden und 6 Stunden f\u00fcr unterrichtserg\u00e4nzende Ma\u00dfnahmen \u00e1 45 Minuten berechnet, sowie f\u00fcr die 3. und 4. Klassen 26 Unterrichtsstunden und 2 Stunden f\u00fcr unterrichtserg\u00e4nzende Ma\u00dfnahmen.<\/p>\n\n\n\n<h3 class=\"wp-block-heading\">Organisation<\/h3>\n\n\n\n<p>Die Gruppen bestehen aus den Kindern der jeweiligen Klassen. Es wird angestrebt, dass eine VGS-Kraft eine Klasse zwei Schuljahre begleitet. Im Idealfall kann die Kollegin oder der Kollege auch vier Jahre durchgehend f\u00fcr eine Klasse da sein. Nach M\u00f6glichkeit und Bedarf werden die Schwerpunktklassen mit einer Doppelbesetzung ausgestattet. Die unterrichtserg\u00e4nzenden Ma\u00dfnahmen werden an der Grundschule Am M\u00f6nchshof von erfahrenem und qualifiziertem p\u00e4dagogischen Personal durchgef\u00fchrt.     <\/p>\n\n\n\n<h3 class=\"wp-block-heading\">Inhalte<\/h3>\n\n\n\n<p>Unterricht und unterrichtserg\u00e4nzende Ma\u00dfnahmen geh\u00f6ren zusammen. Um gemeinsame Ziele zu entwickeln und zu verwirklichen, ist Transparenz notwendig. In regelm\u00e4\u00dfigen Teamgespr\u00e4chen planen und erarbeiten VGS-Kr\u00e4fte und Lehrkr\u00e4fte (und ggf. Lehrkr\u00e4fte f\u00fcr Sonderp\u00e4dagogik) gemeinsame Vorhaben unter Ber\u00fccksichtigung der Klassensituation. Zur Intensivierung der Zusammenarbeit finden gemeinsame  Dienstbesprechungen und gegenseitige Hospitationen statt. F\u00fcr die Arbeit in der Klasse muss die VGS-Kraft \u00fcber die Sch\u00fcler:innen Kenntnis haben. Darunter fallen:<br>   \u2022 soziale Situation der Sch\u00fcler:innen<br>   \u2022 l\u00e4ngerfristig erkrankte Sch\u00fcler:innen<br>   \u2022 Auff\u00e4lligkeiten (auch krankheitsbedingt) bei den betreuten Kindern<br>   \u2022 Telefonliste der Eltern \/ Erziehungsberechtigten der betreuten Kinder<\/p>\n\n\n\n<p>VGS-Kolleg:innen nehmen nach Bedarf an Klassenelternabenden teil und berichten von ihrer Arbeit. Sie nehmen ebenfalls an Konferenzen und Dienstbesprechungen teil. Schulleitung und die Leitung der VGS treffen sich w\u00f6chentlich. <\/p>\n\n\n\n<p>Die unterrichtserg\u00e4nzenden Ma\u00dfnahmen bereichern den Schulvormittag. Die Kinder haben vor allem in den VGS-Zeiten die M\u00f6glichkeit, den Vormittag mitzugestalten. Zudem erhalten die Kinder eine weitere Ansprechperson, die in ihrer Beziehung zu den Kindern, von der Leistungsbeurteilung unbelastet, sehr gut unterst\u00fctzend arbeiten kann.<\/p>\n\n\n\n<p>Sofern nicht anders verabredet, finden die unterrichtserg\u00e4nzenden Ma\u00dfnahmen in den Klassenr\u00e4umen der jeweiligen Klassen statt. Dort kann auch Material, das im Rahmen des Unterrichts genutzt wird, weiterbearbeitet und ausgestellt werden. Folgende Lernumgebungen werden au\u00dferdem genutzt:<br>   \u2022 Turnhalle<br>   \u2022 Kunst- und Werkraum<br>   \u2022 Zaubergarten<br>   \u2022 Die drei Ebenen des Schulhofes<\/p>\n","protected":false},"excerpt":{"rendered":"<p>Seit Beginn des Schuljahres 2006\/07 sind die Bremer Grundschulen verbindliche \u201eVerl\u00e4ssliche Grundschulen\u201c (VGS) &#8211; das hei\u00dft Ihr Kind hat montags bis freitags eine Lernzeit von 8.10-13.05 Uhr. In dieser Zeit findet dem Stundenstrukturplan entsprechend Unterricht und Betreuung statt. Zielsetzung Die Verl\u00e4ssliche Grundschule Am M\u00f6nchshof hat das Ziel, die Grundschule zu einem Lern- und Lebensraum auszugestalten, der den kindlichen Bed\u00fcrfnissen in besonderem Ma\u00dfe entspricht und den bildungspolitischen Anforderungen an die Grundschule Rechnung tr\u00e4gt. In der Verl\u00e4sslichen Grundschule soll der Schulalltag so strukturiert werden, dass der lehrgangs- und fachbezogene Unterricht mit offenen und f\u00e4cher\u00fcbergreifenden Anteilen sowie erweiterten p\u00e4dagogischen Angeboten verkn\u00fcpft werden kann. Zeitrahmen Der feste Zeitrahmen des Schulvormittages ist von 8.10 \u2013 13.05 Uhr. In dieser Zeit sollen \u00fcbendes Lernen, Spiel\u2013 und Bewegungszeiten, individuelles Arbeiten, gemeinsame Unterrichtsphasen und freie T\u00e4tigkeiten stattfinden. Eine Rhythmisierung des Schulvormittages soll den k\u00f6rperlichen, psychischen und sozialen Bed\u00fcrfnissen von Kindern entsprechen. Die Anwesenheit ist durchgehend verbindlich &#8211; und&hellip;<\/p>\n<p> <a class=\"more-link\" href=\"https:\/\/schule-am-moenchshof.de\/?page_id=36\">Weiterlesen<\/a><\/p>\n","protected":false},"author":1,"featured_media":0,"parent":16,"menu_order":4,"comment_status":"closed","ping_status":"closed","template":"","meta":{"footnotes":""},"class_list":["post-36","page","type-page","status-publish"],"_links":{"self":[{"href":"https:\/\/schule-am-moenchshof.de\/index.php?rest_route=\/wp\/v2\/pages\/36","targetHints":{"allow":["GET"]}}],"collection":[{"href":"https:\/\/schule-am-moenchshof.de\/index.php?rest_route=\/wp\/v2\/pages"}],"about":[{"href":"https:\/\/schule-am-moenchshof.de\/index.php?rest_route=\/wp\/v2\/types\/page"}],"author":[{"embeddable":true,"href":"https:\/\/schule-am-moenchshof.de\/index.php?rest_route=\/wp\/v2\/users\/1"}],"replies":[{"embeddable":true,"href":"https:\/\/schule-am-moenchshof.de\/index.php?rest_route=%2Fwp%2Fv2%2Fcomments&post=36"}],"version-history":[{"count":5,"href":"https:\/\/schule-am-moenchshof.de\/index.php?rest_route=\/wp\/v2\/pages\/36\/revisions"}],"predecessor-version":[{"id":179,"href":"https:\/\/schule-am-moenchshof.de\/index.php?rest_route=\/wp\/v2\/pages\/36\/revisions\/179"}],"up":[{"embeddable":true,"href":"https:\/\/schule-am-moenchshof.de\/index.php?rest_route=\/wp\/v2\/pages\/16"}],"wp:attachment":[{"href":"https:\/\/schule-am-moenchshof.de\/index.php?rest_route=%2Fwp%2Fv2%2Fmedia&parent=36"}],"curies":[{"name":"wp","href":"https:\/\/api.w.org\/{rel}","templated":true}]}}

VGS &#8211; die Verlässliche Grundschule

<p>Seit Beginn des Schuljahres 2006/07 sind die Bremer Grundschulen verbindliche „Verlässliche Grundschulen“ (VGS) &#8211; das heißt Ihr Kind hat montags bis freitags eine Lernzeit von 8.10-13.05 Uhr. In dieser Zeit findet dem Stundenstrukturplan entsprechend Unterricht und Betreuung statt.  </p>



<h3 class="wp-block-heading">Zielsetzung</h3>



<div class="wp-block-media-text alignwide" style="background-color:#8ea6b0;grid-template-columns:25% auto"><figure class="wp-block-media-text__media"><img loading="lazy" decoding="async" width="1024" height="768" src="https://schule-am-moenchshof.de/wp-content/uploads/2019/07/class-composition-desk-207756-1024x768.jpg" alt="" class="wp-image-159" srcset="https://schule-am-moenchshof.de/wp-content/uploads/2019/07/class-composition-desk-207756-1024x768.jpg 1024w, https://schule-am-moenchshof.de/wp-content/uploads/2019/07/class-composition-desk-207756-300x225.jpg 300w, https://schule-am-moenchshof.de/wp-content/uploads/2019/07/class-composition-desk-207756-768x576.jpg 768w" sizes="auto, (max-width: 1024px) 100vw, 1024px" /></figure><div class="wp-block-media-text__content">
<p class="has-text-color has-very-light-gray-color">Die Verlässliche Grundschule Am Mönchshof hat das Ziel, die Grundschule zu einem Lern- und Lebensraum auszugestalten, der den kindlichen Bedürfnissen in besonderem Maße entspricht und den bildungspolitischen  Anforderungen an die Grundschule Rechnung trägt. In der Verlässlichen Grundschule soll der Schulalltag so strukturiert werden, dass der  lehrgangs- und fachbezogene Unterricht mit offenen und fächerübergreifenden Anteilen sowie erweiterten pädagogischen Angeboten verknüpft werden kann. </p>
</div></div>



<h3 class="wp-block-heading">Zeitrahmen </h3>



<p>Der feste Zeitrahmen des Schulvormittages ist von 8.10 – 13.05 Uhr. In dieser Zeit sollen übendes Lernen, Spiel– und Bewegungszeiten, individuelles Arbeiten, gemeinsame Unterrichtsphasen und freie Tätigkeiten stattfinden. Eine Rhythmisierung des Schulvormittages soll den körperlichen, psychischen und sozialen Bedürfnissen von Kindern entsprechen. </p>



<p>Die Anwesenheit ist durchgehend verbindlich &#8211; und damit auch in den Zeiten der unterrichtsergänzenden Maßnahmen durch Kolleg:innen der VGS. So verbringen die Kinder ausnahmslos ihren Vormittag gemeinsam, was u.a. für das soziale Gefüge (miteinander-füreinander) einer Klasse von enormem Vorteil ist. </p>



<p>Für die 1. und 2. Klassen werden 22 Unterrichtsstunden und 6 Stunden für unterrichtsergänzende Maßnahmen á 45 Minuten berechnet, sowie für die 3. und 4. Klassen 26 Unterrichtsstunden und 2 Stunden für unterrichtsergänzende Maßnahmen.</p>



<h3 class="wp-block-heading">Organisation</h3>



<p>Die Gruppen bestehen aus den Kindern der jeweiligen Klassen. Es wird angestrebt, dass eine VGS-Kraft eine Klasse zwei Schuljahre begleitet. Im Idealfall kann die Kollegin oder der Kollege auch vier Jahre durchgehend für eine Klasse da sein. Nach Möglichkeit und Bedarf werden die Schwerpunktklassen mit einer Doppelbesetzung ausgestattet. Die unterrichtsergänzenden Maßnahmen werden an der Grundschule Am Mönchshof von erfahrenem und qualifiziertem pädagogischen Personal durchgeführt.     </p>



<h3 class="wp-block-heading">Inhalte</h3>



<p>Unterricht und unterrichtsergänzende Maßnahmen gehören zusammen. Um gemeinsame Ziele zu entwickeln und zu verwirklichen, ist Transparenz notwendig. In regelmäßigen Teamgesprächen planen und erarbeiten VGS-Kräfte und Lehrkräfte (und ggf. Lehrkräfte für Sonderpädagogik) gemeinsame Vorhaben unter Berücksichtigung der Klassensituation. Zur Intensivierung der Zusammenarbeit finden gemeinsame  Dienstbesprechungen und gegenseitige Hospitationen statt. Für die Arbeit in der Klasse muss die VGS-Kraft über die Schüler:innen Kenntnis haben. Darunter fallen:<br>   • soziale Situation der Schüler:innen<br>   • längerfristig erkrankte Schüler:innen<br>   • Auffälligkeiten (auch krankheitsbedingt) bei den betreuten Kindern<br>   • Telefonliste der Eltern / Erziehungsberechtigten der betreuten Kinder</p>



<p>VGS-Kolleg:innen nehmen nach Bedarf an Klassenelternabenden teil und berichten von ihrer Arbeit. Sie nehmen ebenfalls an Konferenzen und Dienstbesprechungen teil. Schulleitung und die Leitung der VGS treffen sich wöchentlich. </p>



<p>Die unterrichtsergänzenden Maßnahmen bereichern den Schulvormittag. Die Kinder haben vor allem in den VGS-Zeiten die Möglichkeit, den Vormittag mitzugestalten. Zudem erhalten die Kinder eine weitere Ansprechperson, die in ihrer Beziehung zu den Kindern, von der Leistungsbeurteilung unbelastet, sehr gut unterstützend arbeiten kann.</p>



<p>Sofern nicht anders verabredet, finden die unterrichtsergänzenden Maßnahmen in den Klassenräumen der jeweiligen Klassen statt. Dort kann auch Material, das im Rahmen des Unterrichts genutzt wird, weiterbearbeitet und ausgestellt werden. Folgende Lernumgebungen werden außerdem genutzt:<br>   • Turnhalle<br>   • Kunst- und Werkraum<br>   • Zaubergarten<br>   • Die drei Ebenen des Schulhofes</p>

<p>Seit Beginn des Schuljahres 2006/07 sind die Bremer Grundschulen verbindliche „Verlässliche Grundschulen“ (VGS) &#8211; das heißt Ihr Kind hat montags bis freitags eine Lernzeit von 8.10-13.05 Uhr. In dieser Zeit findet dem Stundenstrukturplan entsprechend Unterricht und Betreuung statt. Zielsetzung Die Verlässliche Grundschule Am Mönchshof hat das Ziel, die Grundschule zu einem Lern- und Lebensraum auszugestalten, der den kindlichen Bedürfnissen in besonderem Maße entspricht und den bildungspolitischen Anforderungen an die Grundschule Rechnung trägt. In der Verlässlichen Grundschule soll der Schulalltag so strukturiert werden, dass der lehrgangs- und fachbezogene Unterricht mit offenen und fächerübergreifenden Anteilen sowie erweiterten pädagogischen Angeboten verknüpft werden kann. Zeitrahmen Der feste Zeitrahmen des Schulvormittages ist von 8.10 – 13.05 Uhr. In dieser Zeit sollen übendes Lernen, Spiel– und Bewegungszeiten, individuelles Arbeiten, gemeinsame Unterrichtsphasen und freie Tätigkeiten stattfinden. Eine Rhythmisierung des Schulvormittages soll den körperlichen, psychischen und sozialen Bedürfnissen von Kindern entsprechen. Die Anwesenheit ist durchgehend verbindlich &#8211; und&hellip;</p>
<p> <a class="more-link" href="https://schule-am-moenchshof.de/?page_id=36">Weiterlesen</a></p>
