{"id":26,"date":"2019-06-07T19:22:27","date_gmt":"2019-06-07T19:22:27","guid":{"rendered":"http:\/\/schule-am-moenchshof.de\/?page_id=26"},"modified":"2020-01-25T13:17:23","modified_gmt":"2020-01-25T12:17:23","slug":"unser-schulverein","status":"publish","type":"page","link":"https:\/\/schule-am-moenchshof.de\/?page_id=26","title":{"rendered":"Unser Schulverein"},"content":{"rendered":"\n<h3 class=\"wp-block-heading\">Freunde &amp; F\u00f6rderer der Schule Am M\u00f6nchshof e.V.<\/h3>\n\n\n\n<div class=\"wp-block-media-text alignwide\" style=\"grid-template-columns:38% auto\"><figure class=\"wp-block-media-text__media\"><img loading=\"lazy\" decoding=\"async\" width=\"1024\" height=\"683\" src=\"https:\/\/schule-am-moenchshof.de\/wp-content\/uploads\/2019\/06\/DSC_0289-001-1024x683.jpg\" alt=\"\" class=\"wp-image-57\" srcset=\"https:\/\/schule-am-moenchshof.de\/wp-content\/uploads\/2019\/06\/DSC_0289-001-1024x683.jpg 1024w, https:\/\/schule-am-moenchshof.de\/wp-content\/uploads\/2019\/06\/DSC_0289-001-300x200.jpg 300w, https:\/\/schule-am-moenchshof.de\/wp-content\/uploads\/2019\/06\/DSC_0289-001-768x512.jpg 768w\" sizes=\"auto, (max-width: 1024px) 100vw, 1024px\" \/><\/figure><div class=\"wp-block-media-text__content\">\n<p class=\"has-drop-cap\">Der Schulverein &#8222;Freunde und F\u00f6rderer der Grundschule Am M\u00f6nchshof e.V.&#8220; wurde im Juli 2000 nach mehrj\u00e4hriger Gr\u00fcndungsphase an unserer Schule gegr\u00fcndet. Inzwischen ist die Zahl der Mitglieder auf \u00fcber 100 angewachsen, deren Interesse es ist, f\u00fcr ihre Kinder eine Schulzeit zu f\u00f6rdern, w\u00e4hrend der es Spa\u00df macht, zur Schule zu gehen!  <\/p>\n\n\n\n<p>Da immer wieder neue Ideen und W\u00fcnsche aufkommen, sind Sach- und  Geldspenden jederzeit willkommen! Gerne sind wir bereit, entsprechende  Spendenbescheinigungen auszustellen. Sie fragen sich, wof\u00fcr genau wir  die Geld-und Sachspenden sammeln und ausgeben? In der Vergangenheit finanzierten wir folgende Aktionen in der Schule Am M\u00f6nchshof \u00fcber Spenden: <\/p>\n<\/div><\/div>\n\n\n\n<ul class=\"wp-block-gallery columns-3 is-cropped wp-block-gallery-1 is-layout-flex wp-block-gallery-is-layout-flex\"><li class=\"blocks-gallery-item\"><figure><img loading=\"lazy\" decoding=\"async\" width=\"1024\" height=\"684\" src=\"https:\/\/schule-am-moenchshof.de\/wp-content\/uploads\/2019\/06\/DSC_0319-1024x684.jpg\" alt=\"\" data-id=\"31\" data-link=\"https:\/\/schule-am-moenchshof.de\/?attachment_id=31\" class=\"wp-image-31\" srcset=\"https:\/\/schule-am-moenchshof.de\/wp-content\/uploads\/2019\/06\/DSC_0319-1024x684.jpg 1024w, https:\/\/schule-am-moenchshof.de\/wp-content\/uploads\/2019\/06\/DSC_0319-300x200.jpg 300w, https:\/\/schule-am-moenchshof.de\/wp-content\/uploads\/2019\/06\/DSC_0319-768x513.jpg 768w, https:\/\/schule-am-moenchshof.de\/wp-content\/uploads\/2019\/06\/DSC_0319.jpg 1600w\" sizes=\"auto, (max-width: 1024px) 100vw, 1024px\" \/><\/figure><\/li><li class=\"blocks-gallery-item\"><figure><img loading=\"lazy\" decoding=\"async\" width=\"1024\" height=\"684\" src=\"https:\/\/schule-am-moenchshof.de\/wp-content\/uploads\/2019\/06\/DSC_0332-1024x684.jpg\" alt=\"\" data-id=\"32\" data-link=\"https:\/\/schule-am-moenchshof.de\/?attachment_id=32\" class=\"wp-image-32\" srcset=\"https:\/\/schule-am-moenchshof.de\/wp-content\/uploads\/2019\/06\/DSC_0332-1024x684.jpg 1024w, https:\/\/schule-am-moenchshof.de\/wp-content\/uploads\/2019\/06\/DSC_0332-300x200.jpg 300w, https:\/\/schule-am-moenchshof.de\/wp-content\/uploads\/2019\/06\/DSC_0332-768x513.jpg 768w, https:\/\/schule-am-moenchshof.de\/wp-content\/uploads\/2019\/06\/DSC_0332.jpg 1600w\" sizes=\"auto, (max-width: 1024px) 100vw, 1024px\" \/><\/figure><\/li><li class=\"blocks-gallery-item\"><figure><img loading=\"lazy\" decoding=\"async\" width=\"1024\" height=\"684\" src=\"https:\/\/schule-am-moenchshof.de\/wp-content\/uploads\/2019\/06\/DSC_0297-1024x684.jpg\" alt=\"\" data-id=\"91\" data-link=\"https:\/\/schule-am-moenchshof.de\/?attachment_id=91\" class=\"wp-image-91\" srcset=\"https:\/\/schule-am-moenchshof.de\/wp-content\/uploads\/2019\/06\/DSC_0297-1024x684.jpg 1024w, https:\/\/schule-am-moenchshof.de\/wp-content\/uploads\/2019\/06\/DSC_0297-300x200.jpg 300w, https:\/\/schule-am-moenchshof.de\/wp-content\/uploads\/2019\/06\/DSC_0297-768x513.jpg 768w, https:\/\/schule-am-moenchshof.de\/wp-content\/uploads\/2019\/06\/DSC_0297.jpg 1600w\" sizes=\"auto, (max-width: 1024px) 100vw, 1024px\" \/><\/figure><\/li><\/ul>\n\n\n\n<ul class=\"wp-block-list\"><li>die Schulhofneugestaltung<\/li><li>die Anschaffung von altersgerechten Spielen und Mobiliar f\u00fcr die &#8222;Verl\u00e4ssliche Grundschule&#8220;<\/li><li>eine neue Lautsprecheranlage f\u00fcr die Aula<\/li><li>Holzb\u00e4nke in den Klassenr\u00e4umen f\u00fcr einen gem\u00fctlichen Morgenkreis<\/li><li>Anschaffungen f\u00fcr den Sportbereich und die Schulk\u00fcche <\/li><li>CD-Spieler f\u00fcr alle Klassenr\u00e4ume <\/li><li>Unterst\u00fctzung der Tipi AG und des Bienenprojektes <\/li><\/ul>\n\n\n\n<p>Sie wollen mitmachen? Wie sch\u00f6n! Dann lesen Sie sich die Satzung <a rel=\"noreferrer noopener\" aria-label=\" (\u00f6ffnet in neuem Tab)\" href=\"http:\/\/www.lesum.de\/schulen\/moenchshof\/Satzung.htm\" target=\"_blank\"><em>hier<\/em><\/a> durch und laden Sie sich gleich auf dieser Seite die Beitrittserkl\u00e4rung herunter und geben diese ausgef\u00fcllt und unterschrieben im Sekretariat ab oder senden sie gern auch per Post an:<\/p>\n\n\n\n<div class=\"wp-block-media-text alignwide has-media-on-the-right\" style=\"grid-template-columns:auto 25%\"><figure class=\"wp-block-media-text__media\"><img loading=\"lazy\" decoding=\"async\" width=\"830\" height=\"870\" src=\"https:\/\/schule-am-moenchshof.de\/wp-content\/uploads\/2019\/06\/Logo-Schulvrein-M\u00f6nchshof-1.png\" alt=\"\" class=\"wp-image-58\" srcset=\"https:\/\/schule-am-moenchshof.de\/wp-content\/uploads\/2019\/06\/Logo-Schulvrein-M\u00f6nchshof-1.png 830w, https:\/\/schule-am-moenchshof.de\/wp-content\/uploads\/2019\/06\/Logo-Schulvrein-M\u00f6nchshof-1-286x300.png 286w, https:\/\/schule-am-moenchshof.de\/wp-content\/uploads\/2019\/06\/Logo-Schulvrein-M\u00f6nchshof-1-768x805.png 768w\" sizes=\"auto, (max-width: 830px) 100vw, 830px\" \/><\/figure><div class=\"wp-block-media-text__content\">\n<p style=\"text-align:right\" class=\"has-medium-font-size\">Grundschule Am M\u00f6nchshof <br>z. Hd. Freunde &amp; F\u00f6rderer der Schule Am M\u00f6nchshof e.V.<br>Hindenburgstra\u00dfe 33a <br>28717 Bremen <\/p>\n<\/div><\/div>\n\n\n\n<div class=\"wp-block-file\"><a href=\"https:\/\/schule-am-moenchshof.de\/wp-content\/uploads\/2020\/01\/Schulverein_Beitrittserkl\u00e4rung.pdf\">Schulverein_Beitrittserkl\u00e4rung<\/a><a href=\"https:\/\/schule-am-moenchshof.de\/wp-content\/uploads\/2020\/01\/Schulverein_Beitrittserkl\u00e4rung.pdf\" class=\"wp-block-file__button\" download>Herunterladen<\/a><\/div>\n\n\n\n<div class=\"wp-block-file\"><a href=\"https:\/\/schule-am-moenchshof.de\/wp-content\/uploads\/2019\/07\/Flyer_Schulverein.pdf\">Flyer_Schulverein<\/a><a href=\"https:\/\/schule-am-moenchshof.de\/wp-content\/uploads\/2019\/07\/Flyer_Schulverein.pdf\" class=\"wp-block-file__button\" download>Herunterladen<\/a><\/div>\n\n\n\n<hr class=\"wp-block-separator\"\/>\n\n\n\n<p>Haben Sie noch Fragen an den Schulverein? Dann mailen Sie diese an <a href=\"mailto:schulvereinmoenchshof@gmx.de\">schulvereinmoenchshof@gmx.de<\/a><\/p>\n\n\n\n<p>Wir freuen uns auf Sie!<\/p>\n","protected":false},"excerpt":{"rendered":"<p>Freunde &amp; F\u00f6rderer der Schule Am M\u00f6nchshof e.V. Der Schulverein &#8222;Freunde und F\u00f6rderer der Grundschule Am M\u00f6nchshof e.V.&#8220; wurde im Juli 2000 nach mehrj\u00e4hriger Gr\u00fcndungsphase an unserer Schule gegr\u00fcndet. Inzwischen ist die Zahl der Mitglieder auf \u00fcber 100 angewachsen, deren Interesse es ist, f\u00fcr ihre Kinder eine Schulzeit zu f\u00f6rdern, w\u00e4hrend der es Spa\u00df macht, zur Schule zu gehen! Da immer wieder neue Ideen und W\u00fcnsche aufkommen, sind Sach- und Geldspenden jederzeit willkommen! Gerne sind wir bereit, entsprechende Spendenbescheinigungen auszustellen. Sie fragen sich, wof\u00fcr genau wir die Geld-und Sachspenden sammeln und ausgeben? In der Vergangenheit finanzierten wir folgende Aktionen in der Schule Am M\u00f6nchshof \u00fcber Spenden: die Schulhofneugestaltung die Anschaffung von altersgerechten Spielen und Mobiliar f\u00fcr die &#8222;Verl\u00e4ssliche Grundschule&#8220; eine neue Lautsprecheranlage f\u00fcr die Aula Holzb\u00e4nke in den Klassenr\u00e4umen f\u00fcr einen gem\u00fctlichen Morgenkreis Anschaffungen f\u00fcr den Sportbereich und die Schulk\u00fcche CD-Spieler f\u00fcr alle Klassenr\u00e4ume Unterst\u00fctzung der Tipi AG und des&hellip;<\/p>\n<p> <a class=\"more-link\" href=\"https:\/\/schule-am-moenchshof.de\/?page_id=26\">Weiterlesen<\/a><\/p>\n","protected":false},"author":1,"featured_media":0,"parent":0,"menu_order":2,"comment_status":"closed","ping_status":"closed","template":"","meta":{"footnotes":""},"class_list":["post-26","page","type-page","status-publish"],"_links":{"self":[{"href":"https:\/\/schule-am-moenchshof.de\/index.php?rest_route=\/wp\/v2\/pages\/26","targetHints":{"allow":["GET"]}}],"collection":[{"href":"https:\/\/schule-am-moenchshof.de\/index.php?rest_route=\/wp\/v2\/pages"}],"about":[{"href":"https:\/\/schule-am-moenchshof.de\/index.php?rest_route=\/wp\/v2\/types\/page"}],"author":[{"embeddable":true,"href":"https:\/\/schule-am-moenchshof.de\/index.php?rest_route=\/wp\/v2\/users\/1"}],"replies":[{"embeddable":true,"href":"https:\/\/schule-am-moenchshof.de\/index.php?rest_route=%2Fwp%2Fv2%2Fcomments&post=26"}],"version-history":[{"count":13,"href":"https:\/\/schule-am-moenchshof.de\/index.php?rest_route=\/wp\/v2\/pages\/26\/revisions"}],"predecessor-version":[{"id":260,"href":"https:\/\/schule-am-moenchshof.de\/index.php?rest_route=\/wp\/v2\/pages\/26\/revisions\/260"}],"wp:attachment":[{"href":"https:\/\/schule-am-moenchshof.de\/index.php?rest_route=%2Fwp%2Fv2%2Fmedia&parent=26"}],"curies":[{"name":"wp","href":"https:\/\/api.w.org\/{rel}","templated":true}]}}