{"id":16,"date":"2019-06-07T19:06:48","date_gmt":"2019-06-07T19:06:48","guid":{"rendered":"http:\/\/schule-am-moenchshof.de\/?page_id=16"},"modified":"2024-10-25T09:45:25","modified_gmt":"2024-10-25T07:45:25","slug":"unsere-schule","status":"publish","type":"page","link":"https:\/\/schule-am-moenchshof.de\/?page_id=16","title":{"rendered":"Unsere Schule"},"content":{"rendered":"\n<h3 class=\"wp-block-heading\">Unsere  Grundschule Am M\u00f6nchshof <\/h3>\n\n\n\n<div class=\"wp-block-media-text alignwide is-stacked-on-mobile\" style=\"grid-template-columns:26% auto\"><figure class=\"wp-block-media-text__media\"><img loading=\"lazy\" decoding=\"async\" width=\"1024\" height=\"768\" src=\"https:\/\/schule-am-moenchshof.de\/wp-content\/uploads\/2022\/10\/Titelbild-1024x768.jpg\" alt=\"\" class=\"wp-image-298 size-full\" srcset=\"https:\/\/schule-am-moenchshof.de\/wp-content\/uploads\/2022\/10\/Titelbild-1024x768.jpg 1024w, https:\/\/schule-am-moenchshof.de\/wp-content\/uploads\/2022\/10\/Titelbild-300x225.jpg 300w, https:\/\/schule-am-moenchshof.de\/wp-content\/uploads\/2022\/10\/Titelbild-768x576.jpg 768w, https:\/\/schule-am-moenchshof.de\/wp-content\/uploads\/2022\/10\/Titelbild.jpg 1280w\" sizes=\"auto, (max-width: 1024px) 100vw, 1024px\" \/><\/figure><div class=\"wp-block-media-text__content\">\n<p class=\"has-drop-cap\">An unserer Schule im Stadtteil Bremen-Lesum werden etwa 300 Kinder in 13 Klassen und einem Vorkurs von einem Kollegium aus Lehrer:innen und Sonderp\u00e4dagog:innen unterrichtet. Erg\u00e4nzt wird unser Team durch Schulassistent:innen. In unserer Schule werden die Kinder nach M\u00f6glichkeit von einem Lehrer:innen-Team unterrichtet, damit die Kinder bei Erkrankung einer Lehrkraft noch eine weitere Bezugsperson haben.   <\/p>\n\n\n\n<p>Die Schule ist ab 8.00 Uhr f\u00fcr alle Kinder ge\u00f6ffnet. Der Unterricht  beginnt um 8.10 Uhr. Alle Kinder bleiben bis um 13.05 Uhr mit Hilfe der <em>Verl\u00e4sslichen Grundschule<\/em>.  Hier werden sie von p\u00e4dagogisch ausgebildetem Personal betreut, machen  Hausaufgaben, angeleitete kreative Aufgaben, Bewegungsangebote oder  spielen einfach.  <\/p>\n<\/div><\/div>\n\n\n\n<div style=\"height:30px\" aria-hidden=\"true\" class=\"wp-block-spacer\"><\/div>\n\n\n\n<p>In Klasse 3 und 4 werden jeweils 2 Stunden Englisch &#8211; Unterricht erteilt. Ebenfalls gibt es f\u00fcr diese Jahrg\u00e4nge als Zusatzangebote zum Basisunterricht wechselnde Arbeitsgemeinschaften: z.B. Kunst, T\u00f6pfern oder Werken am Nachmittag. In unserem Leseclub, der schon f\u00fcr die zweiten Klassen angeboten wird, lesen und bewerten Kinder von einer Fachjury empfohlene neueste Kinderb\u00fccher.    <\/p>\n\n\n\n<h4 class=\"wp-block-heading\">F\u00f6rderung<\/h4>\n\n\n\n<p>Wir beobachten die Lernentwicklung unserer Sch\u00fcler:innen und informieren Eltern in pers\u00f6nlichen Gespr\u00e4chen an unseren zwei verbindlichen Eltern- und Sch\u00fclersprechtagen pro Schuljahr. Selbstverst\u00e4ndlich bieten wir auch individuelle Gespr\u00e4chstermine an. Zum Abschluss der 1. und 2. Klasse bekommen die Kinder einen Zeugnisbrief, der ihren Leistungsstand beschreibt. Am Ende der 3. und 4. Klasse gibt es einen schriftlichen Lernentwicklungsbericht \u00fcber die Lernleistung der Kinder.<\/p>\n\n\n\n<p>Seit vielen Jahren werden in unserer Schule Kinder mit sonderp\u00e4dagogischem F\u00f6rderbedarf (Lernen, Sprache, Verhalten) im Unterricht integriert. Seit dem 01. August 2011 werden an unserer Schule auch Kinder mit dem F\u00f6rderbedarf \u201eWahrnehmung und Entwicklung\u201c inklusiv beschult. In unseren inklusiv arbeitenden Klassen werden heterogene Sch\u00fclergruppen gemeinsam unterrichtet \u2013 hochbegabte genauso wie Kinder mit sonderp\u00e4dagogischem F\u00f6rderbedarf. Ein Team aus Grundschullehrer:in, Sonderp\u00e4dagog:in &#8211; bei Bedarf mit Schulassistenz &#8211; unterrichtet die Klasse und kann Unterrichtsinhalte und -methoden differenziert auf die Bed\u00fcrfnisse der Kinder abstimmen. F\u00fcr Sch\u00fcler:innen mit Schwierigkeiten im Bereich Deutsch (z.B. LRS) und Mathematik wird spezieller F\u00f6rderunterricht an unserer Grundschule angeboten. Dies gilt auch f\u00fcr Deutsch als Zweitsprache.<\/p>\n\n\n\n<h4 class=\"wp-block-heading\">Hortbetreuung<\/h4>\n\n\n\n<p>\u00dcber den regul\u00e4ren Schulbetrieb hinaus gibt es unseren \u201eSchort\u201c (Tr\u00e4ger Kindertagesst\u00e4tten Nord e.V.). 80 Kinder werden hier im Anschluss an die Schule bis 16.00 Uhr betreut; sie k\u00f6nnen hier zu Mittag essen, Hausaufgaben machen und spielen. Zum Teil besteht ein Angebot auch in den Ferien. Alle n\u00f6tigen Informationen zu diesem Angebot finden Sie direkt <a href=\"https:\/\/stadtteilschule-bremen-nord.jimdo.com\/\">HIER<\/a> oder telefonisch unter 0421-67305151.<\/p>\n\n\n\n<p>Der Grundsatz des Zusammenlebens und vor allem Zusammenlernens an unserer Schule hei\u00dft <strong>Miteinander &#8211; F\u00fcreinander<\/strong>!<\/p>\n","protected":false},"excerpt":{"rendered":"<p>Unsere Grundschule Am M\u00f6nchshof An unserer Schule im Stadtteil Bremen-Lesum werden etwa 300 Kinder in 13 Klassen und einem Vorkurs von einem Kollegium aus Lehrer:innen und Sonderp\u00e4dagog:innen unterrichtet. Erg\u00e4nzt wird unser Team durch Schulassistent:innen. In unserer Schule werden die Kinder nach M\u00f6glichkeit von einem Lehrer:innen-Team unterrichtet, damit die Kinder bei Erkrankung einer Lehrkraft noch eine weitere Bezugsperson haben. Die Schule ist ab 8.00 Uhr f\u00fcr alle Kinder ge\u00f6ffnet. Der Unterricht beginnt um 8.10 Uhr. Alle Kinder bleiben bis um 13.05 Uhr mit Hilfe der Verl\u00e4sslichen Grundschule. Hier werden sie von p\u00e4dagogisch ausgebildetem Personal betreut, machen Hausaufgaben, angeleitete kreative Aufgaben, Bewegungsangebote oder spielen einfach. In Klasse 3 und 4 werden jeweils 2 Stunden Englisch &#8211; Unterricht erteilt. Ebenfalls gibt es f\u00fcr diese Jahrg\u00e4nge als Zusatzangebote zum Basisunterricht wechselnde Arbeitsgemeinschaften: z.B. Kunst, T\u00f6pfern oder Werken am Nachmittag. In unserem Leseclub, der schon f\u00fcr die zweiten Klassen angeboten wird, lesen und bewerten Kinder&hellip;<\/p>\n<p> <a class=\"more-link\" href=\"https:\/\/schule-am-moenchshof.de\/?page_id=16\">Weiterlesen<\/a><\/p>\n","protected":false},"author":1,"featured_media":0,"parent":0,"menu_order":0,"comment_status":"closed","ping_status":"closed","template":"","meta":{"footnotes":""},"class_list":["post-16","page","type-page","status-publish"],"_links":{"self":[{"href":"https:\/\/schule-am-moenchshof.de\/index.php?rest_route=\/wp\/v2\/pages\/16","targetHints":{"allow":["GET"]}}],"collection":[{"href":"https:\/\/schule-am-moenchshof.de\/index.php?rest_route=\/wp\/v2\/pages"}],"about":[{"href":"https:\/\/schule-am-moenchshof.de\/index.php?rest_route=\/wp\/v2\/types\/page"}],"author":[{"embeddable":true,"href":"https:\/\/schule-am-moenchshof.de\/index.php?rest_route=\/wp\/v2\/users\/1"}],"replies":[{"embeddable":true,"href":"https:\/\/schule-am-moenchshof.de\/index.php?rest_route=%2Fwp%2Fv2%2Fcomments&post=16"}],"version-history":[{"count":22,"href":"https:\/\/schule-am-moenchshof.de\/index.php?rest_route=\/wp\/v2\/pages\/16\/revisions"}],"predecessor-version":[{"id":377,"href":"https:\/\/schule-am-moenchshof.de\/index.php?rest_route=\/wp\/v2\/pages\/16\/revisions\/377"}],"wp:attachment":[{"href":"https:\/\/schule-am-moenchshof.de\/index.php?rest_route=%2Fwp%2Fv2%2Fmedia&parent=16"}],"curies":[{"name":"wp","href":"https:\/\/api.w.org\/{rel}","templated":true}]}}

<h3 class="wp-block-heading">Unsere  Grundschule Am Mönchshof </h3>



<div class="wp-block-media-text alignwide is-stacked-on-mobile" style="grid-template-columns:26% auto"><figure class="wp-block-media-text__media"><img loading="lazy" decoding="async" width="1024" height="768" src="https://schule-am-moenchshof.de/wp-content/uploads/2022/10/Titelbild-1024x768.jpg" alt="" class="wp-image-298 size-full" srcset="https://schule-am-moenchshof.de/wp-content/uploads/2022/10/Titelbild-1024x768.jpg 1024w, https://schule-am-moenchshof.de/wp-content/uploads/2022/10/Titelbild-300x225.jpg 300w, https://schule-am-moenchshof.de/wp-content/uploads/2022/10/Titelbild-768x576.jpg 768w, https://schule-am-moenchshof.de/wp-content/uploads/2022/10/Titelbild.jpg 1280w" sizes="auto, (max-width: 1024px) 100vw, 1024px" /></figure><div class="wp-block-media-text__content">
<p class="has-drop-cap">An unserer Schule im Stadtteil Bremen-Lesum werden etwa 300 Kinder in 13 Klassen und einem Vorkurs von einem Kollegium aus Lehrer:innen und Sonderpädagog:innen unterrichtet. Ergänzt wird unser Team durch Schulassistent:innen. In unserer Schule werden die Kinder nach Möglichkeit von einem Lehrer:innen-Team unterrichtet, damit die Kinder bei Erkrankung einer Lehrkraft noch eine weitere Bezugsperson haben.   </p>



<p>Die Schule ist ab 8.00 Uhr für alle Kinder geöffnet. Der Unterricht  beginnt um 8.10 Uhr. Alle Kinder bleiben bis um 13.05 Uhr mit Hilfe der <em>Verlässlichen Grundschule</em>.  Hier werden sie von pädagogisch ausgebildetem Personal betreut, machen  Hausaufgaben, angeleitete kreative Aufgaben, Bewegungsangebote oder  spielen einfach.  </p>
</div></div>



<div style="height:30px" aria-hidden="true" class="wp-block-spacer"></div>



<p>In Klasse 3 und 4 werden jeweils 2 Stunden Englisch &#8211; Unterricht erteilt. Ebenfalls gibt es für diese Jahrgänge als Zusatzangebote zum Basisunterricht wechselnde Arbeitsgemeinschaften: z.B. Kunst, Töpfern oder Werken am Nachmittag. In unserem Leseclub, der schon für die zweiten Klassen angeboten wird, lesen und bewerten Kinder von einer Fachjury empfohlene neueste Kinderbücher.    </p>



<h4 class="wp-block-heading">Förderung</h4>



<p>Wir beobachten die Lernentwicklung unserer Schüler:innen und informieren Eltern in persönlichen Gesprächen an unseren zwei verbindlichen Eltern- und Schülersprechtagen pro Schuljahr. Selbstverständlich bieten wir auch individuelle Gesprächstermine an. Zum Abschluss der 1. und 2. Klasse bekommen die Kinder einen Zeugnisbrief, der ihren Leistungsstand beschreibt. Am Ende der 3. und 4. Klasse gibt es einen schriftlichen Lernentwicklungsbericht über die Lernleistung der Kinder.</p>



<p>Seit vielen Jahren werden in unserer Schule Kinder mit sonderpädagogischem Förderbedarf (Lernen, Sprache, Verhalten) im Unterricht integriert. Seit dem 01. August 2011 werden an unserer Schule auch Kinder mit dem Förderbedarf „Wahrnehmung und Entwicklung“ inklusiv beschult. In unseren inklusiv arbeitenden Klassen werden heterogene Schülergruppen gemeinsam unterrichtet – hochbegabte genauso wie Kinder mit sonderpädagogischem Förderbedarf. Ein Team aus Grundschullehrer:in, Sonderpädagog:in &#8211; bei Bedarf mit Schulassistenz &#8211; unterrichtet die Klasse und kann Unterrichtsinhalte und -methoden differenziert auf die Bedürfnisse der Kinder abstimmen. Für Schüler:innen mit Schwierigkeiten im Bereich Deutsch (z.B. LRS) und Mathematik wird spezieller Förderunterricht an unserer Grundschule angeboten. Dies gilt auch für Deutsch als Zweitsprache.</p>



<h4 class="wp-block-heading">Hortbetreuung</h4>



<p>Über den regulären Schulbetrieb hinaus gibt es unseren „Schort“ (Träger Kindertagesstätten Nord e.V.). 80 Kinder werden hier im Anschluss an die Schule bis 16.00 Uhr betreut; sie können hier zu Mittag essen, Hausaufgaben machen und spielen. Zum Teil besteht ein Angebot auch in den Ferien. Alle nötigen Informationen zu diesem Angebot finden Sie direkt <a href="https://stadtteilschule-bremen-nord.jimdo.com/">HIER</a> oder telefonisch unter 0421-67305151.</p>



<p>Der Grundsatz des Zusammenlebens und vor allem Zusammenlernens an unserer Schule heißt <strong>Miteinander &#8211; Füreinander</strong>!</p>

<p>Unsere Grundschule Am Mönchshof An unserer Schule im Stadtteil Bremen-Lesum werden etwa 300 Kinder in 13 Klassen und einem Vorkurs von einem Kollegium aus Lehrer:innen und Sonderpädagog:innen unterrichtet. Ergänzt wird unser Team durch Schulassistent:innen. In unserer Schule werden die Kinder nach Möglichkeit von einem Lehrer:innen-Team unterrichtet, damit die Kinder bei Erkrankung einer Lehrkraft noch eine weitere Bezugsperson haben. Die Schule ist ab 8.00 Uhr für alle Kinder geöffnet. Der Unterricht beginnt um 8.10 Uhr. Alle Kinder bleiben bis um 13.05 Uhr mit Hilfe der Verlässlichen Grundschule. Hier werden sie von pädagogisch ausgebildetem Personal betreut, machen Hausaufgaben, angeleitete kreative Aufgaben, Bewegungsangebote oder spielen einfach. In Klasse 3 und 4 werden jeweils 2 Stunden Englisch &#8211; Unterricht erteilt. Ebenfalls gibt es für diese Jahrgänge als Zusatzangebote zum Basisunterricht wechselnde Arbeitsgemeinschaften: z.B. Kunst, Töpfern oder Werken am Nachmittag. In unserem Leseclub, der schon für die zweiten Klassen angeboten wird, lesen und bewerten Kinder&hellip;</p>
<p> <a class="more-link" href="https://schule-am-moenchshof.de/?page_id=16">Weiterlesen</a></p>
