{"id":127,"date":"2019-07-28T20:21:46","date_gmt":"2019-07-28T20:21:46","guid":{"rendered":"http:\/\/schule-am-moenchshof.de\/?page_id=127"},"modified":"2025-10-08T18:05:30","modified_gmt":"2025-10-08T16:05:30","slug":"kontakt","status":"publish","type":"page","link":"https:\/\/schule-am-moenchshof.de\/?page_id=127","title":{"rendered":"Kontakt"},"content":{"rendered":"\n<div class=\"wp-block-media-text alignwide is-stacked-on-mobile\" style=\"grid-template-columns:25% auto\"><figure class=\"wp-block-media-text__media\"><img loading=\"lazy\" decoding=\"async\" width=\"1024\" height=\"1024\" src=\"https:\/\/schule-am-moenchshof.de\/wp-content\/uploads\/2019\/07\/art-art-materials-bright-627901-1024x1024.jpg\" alt=\"\" class=\"wp-image-128 size-full\"\/><\/figure><div class=\"wp-block-media-text__content\">\n<p class=\"has-large-font-size\"><strong>Grundschule Am M\u00f6nchshof  <\/strong><\/p>\n\n\n\n<p class=\"has-large-font-size\">Hindenburgstr. 33 A<br>28717 Bremen<\/p>\n\n\n\n<p>Tel. 0421 361-7165<br>005@schulverwaltung.bremen.de<\/p>\n\n\n\n<p><em>Schulleitung: <\/em><br>Christine Engelhaupt<br><em>Vertretung: <\/em><br>Frauke Hankel<br><br><em>Leitung f\u00fcr unterst\u00fctzende P\u00e4dagogik:<br><\/em>Isabel Teichmann<\/p>\n\n\n\n<p><em>Sekretariat:<\/em><br>Kerstin Runge<\/p>\n<\/div><\/div>\n","protected":false},"excerpt":{"rendered":"<p>Grundschule Am M\u00f6nchshof Hindenburgstr. 33 A28717 Bremen Tel. 0421 361-7165005@schulverwaltung.bremen.de Schulleitung: Christine EngelhauptVertretung: Frauke Hankel Leitung f\u00fcr unterst\u00fctzende P\u00e4dagogik:Isabel Teichmann Sekretariat:Kerstin Runge<\/p>\n","protected":false},"author":1,"featured_media":0,"parent":0,"menu_order":5,"comment_status":"closed","ping_status":"closed","template":"","meta":{"footnotes":""},"class_list":["post-127","page","type-page","status-publish"],"_links":{"self":[{"href":"https:\/\/schule-am-moenchshof.de\/index.php?rest_route=\/wp\/v2\/pages\/127","targetHints":{"allow":["GET"]}}],"collection":[{"href":"https:\/\/schule-am-moenchshof.de\/index.php?rest_route=\/wp\/v2\/pages"}],"about":[{"href":"https:\/\/schule-am-moenchshof.de\/index.php?rest_route=\/wp\/v2\/types\/page"}],"author":[{"embeddable":true,"href":"https:\/\/schule-am-moenchshof.de\/index.php?rest_route=\/wp\/v2\/users\/1"}],"replies":[{"embeddable":true,"href":"https:\/\/schule-am-moenchshof.de\/index.php?rest_route=%2Fwp%2Fv2%2Fcomments&post=127"}],"version-history":[{"count":21,"href":"https:\/\/schule-am-moenchshof.de\/index.php?rest_route=\/wp\/v2\/pages\/127\/revisions"}],"predecessor-version":[{"id":410,"href":"https:\/\/schule-am-moenchshof.de\/index.php?rest_route=\/wp\/v2\/pages\/127\/revisions\/410"}],"wp:attachment":[{"href":"https:\/\/schule-am-moenchshof.de\/index.php?rest_route=%2Fwp%2Fv2%2Fmedia&parent=127"}],"curies":[{"name":"wp","href":"https:\/\/api.w.org\/{rel}","templated":true}]}}

<div class="wp-block-media-text alignwide is-stacked-on-mobile" style="grid-template-columns:25% auto"><figure class="wp-block-media-text__media"><img loading="lazy" decoding="async" width="1024" height="1024" src="https://schule-am-moenchshof.de/wp-content/uploads/2019/07/art-art-materials-bright-627901-1024x1024.jpg" alt="" class="wp-image-128 size-full"/></figure><div class="wp-block-media-text__content">
<p class="has-large-font-size"><strong>Grundschule Am Mönchshof  </strong></p>



<p class="has-large-font-size">Hindenburgstr. 33 A<br>28717 Bremen</p>



<p>Tel. 0421 361-7165<br>005@schulverwaltung.bremen.de</p>



<p><em>Schulleitung: </em><br>Christine Engelhaupt<br><em>Vertretung: </em><br>Frauke Hankel<br><br><em>Leitung für unterstützende Pädagogik:<br></em>Isabel Teichmann</p>



<p><em>Sekretariat:</em><br>Kerstin Runge</p>
</div></div>

<p>Grundschule Am Mönchshof Hindenburgstr. 33 A28717 Bremen Tel. 0421 361-7165005@schulverwaltung.bremen.de Schulleitung: Christine EngelhauptVertretung: Frauke Hankel Leitung für unterstützende Pädagogik:Isabel Teichmann Sekretariat:Kerstin Runge</p>
